s digit of 90105952?
9
What is the tens digit of 140995820?
2
What is the hundred millions digit of 1635670619?
6
What is the units digit of 44483125?
5
What is the ten thousands digit of 869804498?
0
What is the ten thousands digit of 165901288?
0
What is the hundred millions digit of 157947473?
1
What is the ten thousands digit of 1224144869?
4
What is the units digit of 92035266?
6
What is the ten thousands digit of 2023857?
2
What is the millions digit of 25242573?
5
What is the ten thousands digit of 122547072?
4
What is the units digit of 14850233?
3
What is the ten thousands digit of 5745172352?
7
What is the thousands digit of 676109281?
9
What is the ten millions digit of 360655237?
6
What is the ten millions digit of 118744859?
1
What is the hundred millions digit of 483352980?
4
What is the ten millions digit of 211170238?
1
What is the hundreds digit of 392851557?
5
What is the hundreds digit of 112017152?
1
What is the thousands digit of 81544338?
4
What is the units digit of 69998796?
6
What is the hundreds digit of 138365785?
7
What is the hundred millions digit of 970427874?
9
What is the ten thousands digit of 31801710?
0
What is the millions digit of 485870246?
5
What is the tens digit of 39352075?
7
What is the hundreds digit of 720888368?
3
What is the hundreds digit of 20830091?
0
What is the units digit of 20512727?
7
What is the thousands digit of 1981916?
1
What is the thousands digit of 88273191?
3
What is the hundred thousands digit of 2367521617?
5
What is the hundreds digit of 710137253?
2
What is the hundred thousands digit of 16759199?
7
What is the millions digit of 58504378?
8
What is the hundred millions digit of 2028423115?
0
What is the ten millions digit of 59449111?
5
What is the hundred thousands digit of 301820165?
8
What is the ten thousands digit of 109576586?
7
What is the ten thousands digit of 3354369?
5
What is the thousands digit of 226060848?
0
What is the ten thousands digit of 1044507291?
0
What is the millions digit of 5665427226?
5
What is the ten millions digit of 199494320?
9
What is the hundreds digit of 41724063?
0
What is the ten thousands digit of 1904770477?
7
What is the thousands digit of 95671762?
1
What is the hundred thousands digit of 115418735?
4
What is the hundreds digit of 37106841?
8
What is the tens digit of 251269390?
9
What is the tens digit of 98547522?
2
What is the millions digit of 288689257?
8
What is the hundred millions digit of 1443319029?
4
What is the hundred thousands digit of 61390381?
3
What is the hundreds digit of 209890911?
9
What is the ten millions digit of 4995832537?
9
What is the units digit of 4119348726?
6
What is the thousands digit of 50728533?
8
What is the ten thousands digit of 375764315?
6
What is the ten millions digit of 1917071229?
1
What is the ten thousands digit of 388287544?
8
What is the hundred thousands digit of 166696002?
6
What is the billions digit of 1762421147?
1
What is the hundreds digit of 96141040?
0
What is the units digit of 360234021?
1
What is the hundred thousands digit of 90654141?
6
What is the ten millions digit of 817436388?
1
What is the millions digit of 184584614?
4
What is the hundred thousands digit of 139101433?
1
What is the billions digit of 6187920790?
6
What is the hundred millions digit of 132837861?
1
What is the millions digit of 19915870?
9
What is the hundreds digit of 613572335?
3
What is the thousands digit of 22589893?
9
What is the thousands digit of 216678736?
8
What is the ten thousands digit of 24898360?
9
What is the hundred thousands digit of 803915514?
9
What is the thousands digit of 4780324367?
4
What is the millions digit of 25653806?
5
What is the ten thousands digit of 33659266?
5
What is the millions digit of 355887350?
5
What is the hundreds digit of 1171998651?
6
What is the ten thousands digit of 691169418?
6
What is the billions digit of 1228812441?
1
What is the tens digit of 406087967?
6
What is the hundreds digit of 3033884687?
6
What is the ten thousands digit of 51036972?
3
What is the thousands digit of 97314181?
4
What is the hundred thousands digit of 134978912?
9
What is the tens digit of 188476641?
4
What is the units digit of 41316928?
8
What is the ten millions digit of 719437874?
1
What is the hundred thousands digit of 30230678?
2
What is the tens digit of 214265106?
0
What is the units digit of 1328001301?
1
What is the tens digit of 1570166629?
2
What is the hundreds digit of 60718652?
6
What is the hundred thousands digit of 39560511?
5
What is the hundred thousands digit of 226621800?
6
What is the millions digit of 62786607?
2
What is the units digit of 559328457?
7
What is the millions digit of 71692441?
1
What is the hundred thousands digit of 205098079?
0
What is the thousands digit of 21297326?
7
What is the hundred thousands digit of 1769422745?
4
What is the ten millions digit of 36330811?
3
What is the ten millions digit of 1111936603?
1
What is the hundreds digit of 1482511571?
5
What is the thousands digit of 94387763?
7
What is the tens digit of 131978538?
3
What is the hundreds digit of 13794942?
9
What is the hundred thousands digit of 12051977?
0
What is the tens digit of 744834329?
2
What is the units digit of 11884776?
6
What is the millions digit of 40405577?
0
What is the billions digit of 7777808759?
7
What is the tens digit of 42128807?
0
What is the ten thousands digit of 2487677012?
7
What is the hundred millions digit of 213514142?
2
What is the ten thousands digit of 46783977?
8
What is the hundreds digit of 571810277?
2
What is the hundreds digit of 71017797?
7
What is the ten thousands digit of 606151537?
5
What is the hundred millions digit of 134582274?
1
What is the tens digit of 445225149?
4
What is the tens digit of 71578042?
4
What is the hundred millions digit of 5111726927?
1
What is the hundreds digit of 281072567?
5
What is the hundred millions digit of 1387779287?
3
What is the millions digit of 62162461?
2
What is the hundred millions digit of 273641510?
2
What is the ten thousands digit of 1487209914?
0
What is the millions digit of 43998375?
3
What is the ten millions digit of 1812098503?
1
What is the hundreds digit of 455616696?
6
What is the hundreds digit of 75497914?
9
What is the ten millions digit of 1721758485?
2
What is the tens digit of 5933438?
3
What is the ten thousands digit of 22619619?
1
What is the units digit of 1939973813?
3
What is the hundred millions digit of 1398121140?
3
What is the ten millions digit of 459668904?
5
What is the millions digit of 346248968?
6
What is the hundred thousands digit of 46862754?
8
What is the billions digit of 1118796244?
1
What is the hundred thousands digit of 16961727?
9
What is the thousands digit of 332127872?
7
What is the ten thousands digit of 2351721480?
2
What is the units digit of 259507698?
8
What is the ten thousands digit of 1376373126?
7
What is the hundred thousands digit of 857228462?
2
What is the millions digit of 612191207?
2
What is the tens digit of 19262797?
9
What is the ten thousands digit of 122528978?
2
What is the hundred thousands digit of 325741806?
7
What is the units digit of 43900146?
6
What is the units digit of 1699748295?
5
What is the hundred millions digit of 5042358043?
0
What is the units digit of 39206270?
0
What is the ten millions digit of 77231661?
7
What is the hundred thousands digit of 2497445722?
4
What is the hundred thousands digit of 30662753?
6
What is the hundreds digit of 69481601?
6
What is the thousands digit of 15193472?
3
What is the thousands digit of 7427109628?
9
What is the millions digit of 13193992?
3
What is the tens digit of 64378768?
6
What is the hundreds digit of 412755029?
0
What is the thousands digit of 8995055410?
5
What is the hundreds digit of 18899849?
8
What is the ten thousands digit of 39339356?
3
What is the ten millions digit of 286923038?
8
What is the thousands digit of 39407881?
7
What is the ten millions digit of 233012789?
3
What is the hundreds digit of 565661741?
7
What is the thousands digit of 420556356?
6
What is the millions digit of 785310254?
5
What is the thousands digit of 45859226?
9
What is the millions digit of 3576934036?
6
What is the units digit of 7782606?
6
What is t